digit of 171981?
7
What is the tens digit of 130425?
2
What is the units digit of 1643?
3
What is the tens digit of 58550?
5
What is the ten thousands digit of 18010?
1
What is the tens digit of 270?
7
What is the hundreds digit of 632?
6
What is the units digit of 2025?
5
What is the tens digit of 67166?
6
What is the units digit of 19259?
9
What is the tens digit of 33526?
2
What is the hundreds digit of 33829?
8
What is the units digit of 9733?
3
What is the ten thousands digit of 31596?
3
What is the thousands digit of 12039?
2
What is the tens digit of 8044?
4
What is the units digit of 1200?
0
What is the thousands digit of 3338?
3
What is the tens digit of 1117?
1
What is the units digit of 4023?
3
What is the units digit of 43941?
1
What is the units digit of 120960?
0
What is the ten thousands digit of 21344?
2
What is the tens digit of 2515?
1
What is the hundreds digit of 1526?
5
What is the tens digit of 582?
8
What is the units digit of 3281?
1
What is the units digit of 2219?
9
What is the tens digit of 570?
7
What is the tens digit of 132299?
9
What is the thousands digit of 2005?
2
What is the hundreds digit of 8034?
0
What is the units digit of 2405?
5
What is the hundreds digit of 98509?
5
What is the hundreds digit of 78156?
1
What is the thousands digit of 3981?
3
What is the thousands digit of 101513?
1
What is the units digit of 10861?
1
What is the tens digit of 23271?
7
What is the thousands digit of 46294?
6
What is the thousands digit of 3075?
3
What is the thousands digit of 1479?
1
What is the hundreds digit of 1892?
8
What is the tens digit of 8798?
9
What is the thousands digit of 17866?
7
What is the units digit of 1365?
5
What is the tens digit of 8175?
7
What is the hundreds digit of 11473?
4
What is the units digit of 3627?
7
What is the thousands digit of 127144?
7
What is the units digit of 1670?
0
What is the thousands digit of 5134?
5
What is the tens digit of 11334?
3
What is the thousands digit of 24569?
4
What is the thousands digit of 15770?
5
What is the units digit of 414?
4
What is the ten thousands digit of 95589?
9
What is the thousands digit of 1004?
1
What is the tens digit of 84515?
1
What is the thousands digit of 16266?
6
What is the hundreds digit of 5007?
0
What is the units digit of 6643?
3
What is the hundreds digit of 17732?
7
What is the units digit of 115041?
1
What is the tens digit of 977?
7
What is the units digit of 93?
3
What is the ten thousands digit of 61147?
6
What is the units digit of 2033?
3
What is the hundreds digit of 7093?
0
What is the tens digit of 1032?
3
What is the tens digit of 2444?
4
What is the tens digit of 13538?
3
What is the thousands digit of 32605?
2
What is the thousands digit of 57195?
7
What is the thousands digit of 2545?
2
What is the ten thousands digit of 11145?
1
What is the thousands digit of 5445?
5
What is the hundreds digit of 5013?
0
What is the tens digit of 10910?
1
What is the thousands digit of 152963?
2
What is the units digit of 603?
3
What is the ten thousands digit of 55728?
5
What is the units digit of 1668?
8
What is the units digit of 533?
3
What is the hundreds digit of 8840?
8
What is the units digit of 844?
4
What is the units digit of 3892?
2
What is the thousands digit of 2501?
2
What is the thousands digit of 2237?
2
What is the tens digit of 5486?
8
What is the thousands digit of 24709?
4
What is the tens digit of 13020?
2
What is the tens digit of 7097?
9
What is the tens digit of 1632?
3
What is the tens digit of 87790?
9
What is the units digit of 14377?
7
What is the units digit of 9370?
0
What is the tens digit of 8802?
0
What is the units digit of 39118?
8
What is the thousands digit of 4036?
4
What is the units digit of 6757?
7
What is the hundreds digit of 2880?
8
What is the thousands digit of 6847?
6
What is the thousands digit of 5065?
5
What is the units digit of 1653?
3
What is the tens digit of 1235?
3
What is the tens digit of 5896?
9
What is the units digit of 62?
2
What is the thousands digit of 7999?
7
What is the hundreds digit of 716?
7
What is the hundreds digit of 4722?
7
What is the hundreds digit of 3775?
7
What is the thousands digit of 19729?
9
What is the hundreds digit of 436?
4
What is the thousands digit of 143054?
3
What is the units digit of 13158?
8
What is the tens digit of 36?
3
What is the tens digit of 876?
7
What is the tens digit of 5286?
8
What is the thousands digit of 46648?
6
What is the hundreds digit of 45047?
0
What is the units digit of 8631?
1
What is the thousands digit of 93406?
3
What is the ten thousands digit of 128972?
2
What is the units digit of 179?
9
What is the hundreds digit of 2630?
6
What is the units digit of 982?
2
What is the tens digit of 944?
4
What is the units digit of 4025?
5
What is the units digit of 21179?
9
What is the tens digit of 382?
8
What is the units digit of 1918?
8
What is the hundreds digit of 654?
6
What is the units digit of 181?
1
What is the ten thousands digit of 91654?
9
What is the units digit of 7291?
1
What is the tens digit of 3374?
7
What is the units digit of 2983?
3
What is the units digit of 140269?
9
What is the hundreds digit of 15334?
3
What is the tens digit of 76689?
8
What is the tens digit of 12272?
7
What is the units digit of 5425?
5
What is the tens digit of 2708?
0
What is the tens digit of 599?
9
What is the units digit of 1850?
0
What is the thousands digit of 3871?
3
What is the thousands digit of 2214?
2
What is the hundreds digit of 1048?
0
What is the units digit of 189?
9
What is the hundreds digit of 771?
7
What is the units digit of 541?
1
What is the hundreds digit of 294?
2
What is the thousands digit of 1983?
1
What is the units digit of 113?
3
What is the thousands digit of 19498?
9
What is the thousands digit of 8129?
8
What is the thousands digit of 13376?
3
What is the hundreds digit of 1341?
3
What is the tens digit of 1016?
1
What is the units digit of 79462?
2
What is the hundreds digit of 1174?
1
What is the thousands digit of 2567?
2
What is the units digit of 3730?
0
What is the tens digit of 745?
4
What is the hundreds digit of 166145?
1
What is the units digit of 11012?
2
What is the tens digit of 5497?
9
What is the tens digit of 3249?
4
What is the hundreds digit of 627?
6
What is the tens digit of 10?
1
What is the units digit of 1007?
7
What is the hundreds digit of 28731?
7
What is the thousands digit of 3456?
3
What is the hundreds digit of 25838?
8
What is the hundreds digit of 53050?
0
What is the hundreds digit of 154437?
4
What is the ten thousands digit of 92924?
9
What is the hundreds digit of 27274?
2
What is the units digit of 2380?
0
What is the units digit of 395?
5
What is the ten thousands digit of 16108?
1
What is the hundreds digit of 4786?
7
What is the tens digit of 1869?
6
What is the units digit of 412?
2
What is the units digit of 157671?
1
What is the units digit of 655?
5
What is the units digit of 17175?
5
What is the units digit of 5072?
2
What is the ten thousands digit of 32294?
3
What is the units digit of 1375?
5
What is the units digit of 79065?
5
What is the thousands digit of 81094?
1
What is the thousands digit of 8984?
8
What is the tens digit of 1192?
9
What is the units digit of 18067?
7
What is the hundreds digit of 189636?
6
What is the tens digit of 1939?
3
What is the thousands digit of 1430?
1
What is the hundreds digit of 946?
9
What is the thousands digit of 15722?
5
What is the tens digit of 6960?
6
What is the thousands digit of 12806?
2
What is the thousands digit of 110703?
0
What is the units digit of 19507?
7
What is the hundred thousands digit of 170595?
1
What is the tens digit of 37397?
9
What is the ten thousands digit of 23601?
2
What is the tens digit of 3625?
2
What is the units digit of 67046?
6
What is the thousands digit of 51396?
1
What is the units digit of 3492?
2
What is the hundreds digit of 63309?
3
What is the tens digit of 509?
0
What is the tens digit of 23729?
2
What is the thousands digit of 1586?
1
What is the ten thousands digit of 44761?
4
What is the units digit of 1705?
5
What is the units digit of 3284?
4
What is the units digit of 440?
0
What is the hundreds digit of 7227?
2
What is the thousands digit of 7841